-3*r - 30 - 1/2*r**2. Give t(3).
-6
Let v(p) = -p**3 + 7*p**2 + 8. Suppose 0 = -9*y + 30 + 15. Suppose 15*d + 40 = -y. Let c be (-14)/(d/6 + 3/(-2)). What is v(c)?
8
Let z(p) be the second derivative of 27/2*p**2 - 1/6*p**3 + 0 + 110*p. What is z(17)?
10
Let q(y) = -y**2 + 13. Let h(x) = 3*x**3 + 4*x**2 + 4*x. Let i be h(-1). Let w be q(i). Let c(s) = -14*s**2 + 29*s**2 - 16*s**2 + 5*s - 1. Determine c(w).
3
Let j(n) = -n**3 - 10*n**2 - 22*n + 10. Let z be j(-4). Let h(o) = -3*o**3 + 3*o**2 + 8*o - 18. What is h(z)?
-14
Suppose -d + 42 = 2*t - 79, 5*t - 4*d - 283 = 0. Let k(g) = -58*g + t*g + 12 + 5 - 4. Determine k(-9).
4
Let n(j) = -5*j - 2. Let k(q) = 4*q + 1. Suppose 4*c + 2*o + 31 = 7, -c - 2*o - 9 = 0. Let r(g) = c*n(g) - 6*k(g). Let b = -2619 + 2614. What is r(b)?
-1
Let k(b) = b - 15. Let u be k(12). Let r = -80 + 125. Let c(n) = -2*n - 47*n**2 + 5 + 0*n + r*n**2 - 1. What is c(u)?
-8
Let h(w) = w + 1. Suppose -5*f - 2*y - 12 = 0, f - 2*y = -0 - 12. Let a(g) = 5*g + 1. Let d = -10 - -11. Let u(z) = d*a(z) + f*h(z). Determine u(3).
0
Let t = 4293 + -4289. Let j(s) = -s**2 + 3*s - 5. Give j(t).
-9
Let o(i) be the third derivative of -i**5/60 + 11*i**4/12 - 19*i**3 + 458*i**2 + 2. Give o(13).
3
Let a(q) = 3*q - 5. Let u(k) = k + 47. Let n be u(0). Let l = n + -44. Determine a(l).
4
Let k(p) = 78 - 52 - 48 + p. Determine k(-8).
-30
Let d(p) = p**2 + 9*p - 1. Suppose -4*t - 5 = -9. Let q be t*28/(-8)*-2. Let a(v) = 3*v**2 + 27*v - 4. Let z(g) = q*d(g) - 2*a(g). What is z(-8)?
-7
Let z(a) = 2*a**2 + 8*a - 5. Let s(g) = -g**2 - 6*g + 12. Let x be s(-8). Let y be z(x). Let p(l) = -l + 6. What is p(y)?
11
Let u(p) be the first derivative of p**3/3 + p**2/2 + 2*p - 1. Let t = -76 - -127. Suppose 61 = 5*i + t. What is u(i)?
8
Let c(r) = 41*r + 102. Let s(q) = 294*q + 714. Let v(t) = -36*c(t) + 5*s(t). Calculate v(-17).
0
Let l(x) = -5*x + 7. Suppose -2*q + o - 4 = 0, -4*q + 32*o = 37*o + 22. Give l(q).
22
Let b(p) = 8*p + 37. Suppose -11 = 3*h - x, -2*h - 5*x + 11 = 41. Determine b(h).
-3
Let k(x) = 54*x**2 + 20*x + 20. Let q(p) = 40*p**2 + 21*p + 19. Let v(n) = -3*k(n) + 4*q(n). Calculate v(12).
16
Let y(g) = -g**2 + 3*g + 7. Let o = -4532 + 4536. Calculate y(o).
3
Let i = 0 - 9. Let k(z) = z**2 + 38*z + 64. Let g(t) = t**2 + 47*t + 82. Let c(j) = -3*g(j) + 4*k(j). Give c(i).
-8
Let l(q) = 6*q - 49. Let o be l(8). Let t(j) = -8*j - 2. Let w be t(o). Let z be ((-12)/(-8) - (-6)/(-4)) + w. Let f(c) = -3*c + 6. Give f(z).
-12
Let y(a) = 2*a**2 + 5*a - 9. Let x be (-2)/(-14) + (-11732)/(-196). Suppose 8*c + x = -4*c. What is y(c)?
16
Let z(g) = 8*g**2 - 18*g - 1. Let w be z(9). Let v = -488 + w. Let n(r) = 2*r**3 + 4*r**2 + r + 2. Determine n(v).
-19
Let k(t) be the second derivative of -1/2*t**4 + 0*t**2 + 0 - 28*t + 1/20*t**5 + 0*t**3. Determine k(6).
0
Let b(r) = r**3 + 24*r**2 + 12*r + 290. Let n be b(-24). Let l(o) be the first derivative of -3*o + 16 + 0*o**n + 1/3*o**3. Calculate l(0).
-3
Let z(q) = -q**2 + 59*q - 870. Let f be z(27). Let d(a) = -3*a**2 - 13*a - 37. Give d(f).
-67
Let t be 3/(0 - 6/(-4)) + 206. Suppose 5*n - 89 = -2*i, -4*n = -5*i + t + 64. Let b = 58 - i. Let a(m) = -m - 1. Determine a(b).
-7
Let s(y) be the first derivative of y**4/4 + y**3 + y**2/2 + 7*y - 941. What is s(-3)?
4
Let a(d) = -2*d + 108 + 10*d - d**2 - 106. Let m be a(8). Let b(w) = 2 + 2*w**m - 2 - 2 + 1. Determine b(1).
1
Let c(t) be the third derivative of -t**4/24 + 3*t**2. Let s be c(2). Let n(j) be the third derivative of -j**6/120 + j**4/12 - j**3/6 - 487*j**2. What is n(s)?
3
Let t(y) be the second derivative of 0*y**2 + 1/6*y**4 + 45*y + 2/3*y**3 + 0. What is t(-3)?
6
Let n(g) be the third derivative of g**5/60 - g**4/12 - 13*g**3/6 - 18*g**2 + 4*g. Let o be n(4). Let t(w) = w**3 + 6*w**2 + 5*w + 6. What is t(o)?
6
Let z(p) be the first derivative of p**6/360 + p**4/3 + 2*p**3/3 + 42*p - 60. Let j(k) be the third derivative of z(k). Determine j(0).
8
Let o(a) = -2*a**2 + 9*a - 1. Let l(z) = -10*z**2 + 51*z - 15. Let w(h) = l(h) - 4*o(h). Determine w(10).
-61
Suppose 3*r = -67 + 64. Let i be (-24)/48 - (-10)/4. Let z(x) = -x**2 + i - 7*x**2 - 3. Calculate z(r).
-9
Let k(w) be the first derivative of w**6/360 - 13*w**5/120 + 5*w**4/4 - 26*w**3 - 126. Let q(y) be the third derivative of k(y). Give q(11).
8
Let f be 10/40 - 22/(-8). Let l be f/((-4)/((-84)/9)). Let n(g) = 2 - 2 - l*g**2 + 8*g**2. What is n(-1)?
1
Let k be (0/3 + 75/45)*-3. Let w(b) = -12*b - 60. Determine w(k).
0
Let f(p) = p**2 + 2 + p**2 - 4. Let m be (-1)/((7/35)/(0 - 1)). Suppose 35 - 25 = -m*v. Give f(v).
6
Suppose -4*x + 4 = -4*b, 2*b = -2*x - 2*x - 14. Let c be (43 + -48)/(2*1/x). Let q(j) = -3*j + 4. Calculate q(c).
-11
Let l(y) be the second derivative of y**8/6720 + y**7/280 + y**6/144 - y**5/40 - 17*y**4/6 - 68*y. Let z(u) be the third derivative of l(u). Calculate z(-8).
21
Let s(j) = -3*j**2 + 18*j - 80. Let a(h) = -4*h**2 + 17*h - 87. Let o(b) = -2*a(b) + 3*s(b). Determine o(18).
-30
Let g(u) be the third derivative of -u**6/120 - u**5/60 - u**4/24 + 2*u**3/3 - u**2. Let c be -1*5 + 8 + 2. Suppose c*n = -2*n + n. Determine g(n).
4
Let q(i) be the second derivative of -i**5/10 - i**4/2 + i**3 - 5*i**2/2 + 829*i - 1. Determine q(-5).
65
Let l(t) = -2*t**2 - 5*t - 2. Suppose i - 19 = -5*x - 48, 3*i + 32 = -4*x. Give l(i).
-14
Let a(b) = -b**2 + 17*b + 26. Let y be a(21). Let s = -48 - y. Let f be (s/1)/((-2)/1). Let t(o) = o**3 + 4*o**2 - 5*o - 2. Give t(f).
-2
Let t(k) = -k**3 - 4*k**2 + 7*k + 19. Let o be t(-3). Let p(w) be the second derivative of -w**5/20 - 5*w**4/6 + 4*w**3/3 - 31*w**2/2 + w. Determine p(o).
2
Let a(z) be the third derivative of -z**7/1008 + 5*z**5/6 + 2*z**2. Let w(q) be the third derivative of a(q). Give w(2).
-10
Let h(y) be the first derivative of -y**4/4 - 2*y**3/3 - 2*y**2 - 78. Suppose -49*x - 4*x - 159 = 0. Determine h(x).
21
Suppose 7*w = -123 + 193. Let r(l) = 10*l - 1 + l**2 - l**3 - 1 - w*l. Give r(-2).
10
Let c(g) = -5*g - 17. Let f be c(-6). Let l(t) = t**2 - 1 + 6*t - 9 + f. Calculate l(-5).
-2
Let x = 25621 - 25616. Let a(g) = g**2 - 54*g + 250. Give a(x).
5
Let g be (-1925)/1650*4/(-14). Let i(p) be the first derivative of g*p**3 - 11 + 5*p**2 + 3*p. What is i(-8)?
-13
Let x(j) = -j**3 + 10*j**2 - 8*j - 10. Let p be 1/(-3)*(-2 - -56)/(-9). Suppose 3*b - 38 = p*z - 15, -7 = -b + z. Give x(b).
-1
Let s(b) be the third derivative of -17*b**2 + 5/3*b**3 + 2/15*b**5 + b + 0 + 3/8*b**4 + 1/120*b**6. Calculate s(-7).
-4
Let v(s) be the third derivative of s**4/12 - 5*s**3/2 - 891*s**2. Determine v(13).
11
Let p(l) = -15*l**2 + 3278*l**3 - 7 - 3276*l**3 + 2 + 8*l. Give p(7).
2
Let x(c) be the first derivative of 9*c**2/2 + 14*c + 1069. Give x(-3).
-13
Let j(w) = -2*w - 6. Let z be j(-4). Let v(k) = 2*k + 1 - z*k + k**3 - 3*k + 2*k**2. What is v(-4)?
-19
Let v(g) = 1116*g - 7809. Let s be v(7). Let f(h) = -h**2 + 35*h - 91. Give f(s).
5
Let a(h) be the second derivative of h**4/6 - 120*h. Let t(p) = -5*p**2 - 10*p + 10. Let z(b) = 3*a(b) + t(b). What is z(8)?
-6
Let d(x) = 2169*x - 1118*x + 5 + 4*x**2 + x**3 - 1049*x. Let q be 1/(6/4 - 2). Let p = -2 + q. Calculate d(p).
-3
Let f(n) be the third derivative of -1/3*n**4 + 0 + 5/2*n**3 + 1/60*n**5 + 189*n - 2*n**2. What is f(7)?
8
Let j(s) = -2015*s**2 - 107*s - 18 + 1997*s**2 - s**3 + 39*s. Give j(-13).
21
Suppose 3*k + 44 = 5*s, 0 = -30*k + 31*k + 8*s - 53. Let q(t) be the first derivative of 3*t + 3/2*t**2 + 1/3*t**3 - 1. Calculate q(k).
3
Let f(m) = -7*m**2 - 11*m + 2. Let w(t) = 3*t**2 + 5*t - 1. Let z(r) = -4*f(r) - 9*w(r). Let u be (-4)/(-9)*(-432)/(-1056) + (-31)/(-11). What is z(u)?
7
Let j(q) = -q**2. Let s(d) = -6*d**2 + 9*d - 4. Let w(t) = 5*j(t) - s(t). Suppose 63*c + 266 - 770 = 0. Calculate w(c).
-4
Suppose 0 = 20*y - 27*y + 7. Suppose -13 = 6*a - y. Let c(q) = -9*q**2 - 11*q + 11. Let x(o) = 5*o**2 + 6*o - 6. Let t(k) = -4*c(k) - 7*x(k). Determine t(a).
-2
Let a = 1344 + -1346. Let g(d) = -4*d**2 + 28*d + 25. Let r(l) = -7*l - 5 - 1 - 2*l**2 + 3*l**2. Let v(k) = a*g(k) - 9*r(k). Determine v(6).
10
Let j(w) = -w**2 + 11*w + 12. Suppose -15*r + 1344 = -366. Let i = -101 + r. What is j(i)?
-14
Let l(c) = 2*c**3 + 6*c + 105 + 6*c**2 - 3*c**3 - 81 - 13. What is l(7)?
4
Suppose 4*c + 3